inder when 127224/1824 - 1*(-1)/4 is divided by u(-2).
13
Suppose -5*n = 5*z - 145, -65*z - n = -70*z + 127. Suppose v + 5*g = -4, -5*g - 4 = -v + 32. What is the remainder when z is divided by v?
10
Suppose 99*f - 89*f + 2760 = 0. Calculate the remainder when 267 is divided by (-8050)/f - 5/(-6).
27
Let v(g) = -2*g**3 + 19*g**2 + 10*g + 29. What is the remainder when v(10) is divided by 28?
1
Let u(v) = 38*v**3 + v**2 - 3*v + 2. Let b(h) = 6*h - 4. Let c be b(4). What is the remainder when 10/(4 - 104/c)*-27 is divided by u(1)?
35
Suppose -10 = -8*f + 9*f. Suppose 5*o + 60 = s, -s + 141 = 2*s - 2*o. Let a = s + f. What is the remainder when 137 is divided by a?
32
Let q = -83 + 93. Suppose -q*s + 61 = -9*s. What is the remainder when s is divided by 13?
9
Let q(k) = k**3 + 6*k**2 - 6*k - 5. Suppose -m = 3 + 1. Calculate the remainder when q(m) is divided by (-14 - 408/(-42))*(-84)/20.
15
Suppose 0 = -2*m - 4*t + 324, -4*t = 5*m - 540 - 276. What is the remainder when 833 is divided by m?
13
Suppose 174 = 8*s - 410. Suppose 4*o - o = -2*n + 252, -s = -o + 3*n. Calculate the remainder when 817 is divided by o.
79
Suppose 6*u = 3*u + 24. Suppose q - 3*s = -u*s + 60, q = 5*s + 60. What is the remainder when q is divided by 21?
18
Let g = -3563 + 3575. What is the remainder when 1679 is divided by g?
11
What is the remainder when 423 is divided by ((-55)/(-5) - 9)*4?
7
Suppose 9*r - 97 - 173 = 0. Suppose -157 - 81 = -2*k. Calculate the remainder when k is divided by r.
29
Suppose 1048 = 3*u - 0*u - 5*i, -3*i + 354 = u. Calculate the remainder when 409 is divided by u.
58
Suppose 3*c - 37 = -4*r, 4*c = -720*r + 721*r - 14. Calculate the remainder when 436 is divided by r.
6
Suppose 9*t - i = 8*t + 32, 0 = -5*t - i + 130. Suppose 29*u = t*u + 132. Calculate the remainder when 248 is divided by u.
50
Let z(q) = -264*q + 13034. What is the remainder when 642 is divided by z(49)?
54
What is the remainder when (1617/15 - 1)*((-8559)/(-81) + 21) is divided by 55?
53
Let o(n) be the first derivative of n**4/4 + n**3 - 3*n**2 + 14*n - 89. Suppose 5*a - 22 = 3. Calculate the remainder when o(-4) is divided by a.
2
Let l = 1760 + -1471. What is the remainder when l is divided by 69?
13
Let u(n) = n**2 - n - 10. Let d be u(4). Suppose -d*h - 14 = -60. What is the remainder when 33 is divided by h?
10
Let c(k) be the second derivative of -k**5/20 + 5*k**4/6 + 43*k**3/6 - 9*k**2/2 - 282*k. Calculate the remainder when c(13) is divided by 21.
1
Suppose 4*z = 6*z. Suppose z = 4*w - 5*o - 35, -6*w + 23 = -2*w - o. Suppose -w*p = -225 - 130. Calculate the remainder when p is divided by 36.
35
Let y = -24 + -356. Let l = 473 + y. Calculate the remainder when l is divided by 19.
17
Let k = 8090 + -7746. Calculate the remainder when k is divided by 39.
32
Let d be (21 + -25)/(((-1)/3)/(-1)). What is the remainder when (40/d + 3)/(5/(-3270)) is divided by 11?
9
Suppose -4*a - v - 3*v + 64 = 0, -5*a + v + 74 = 0. Suppose -19*w = 226 - 410 - 367. Calculate the remainder when w is divided by a.
14
Let a = -42518 + 43857. What is the remainder when a is divided by 61?
58
Let x = 129 - 98. Suppose -2*y = x - 29. What is the remainder when 55 is divided by (6 - -14) + 1 - (3 + y)?
17
Suppose -41 = -5*q - 2*v - 13, 5*q - 40 = -5*v. Let i be (q/1)/4 - (-3 - 7). Calculate the remainder when 15 is divided by (-2)/((-8)/(-20)) + i.
3
Let l = -11677 + 11687. Suppose 385 = -3*z + 6*z + s, 5*z = -2*s + 642. Calculate the remainder when z is divided by l.
8
Let y = -14004 + 14019. Calculate the remainder when 4267 is divided by y.
7
Suppose 0 = -2*s - 0*s. Let d = s + 0. Suppose -2*u + 63 + 13 = d. What is the remainder when u is divided by 25?
13
What is the remainder when 1808 is divided by (26*-1 + 4)/(50/6 + -9)?
26
Suppose 9*x - 56 = x. Calculate the remainder when 154 is divided by (8/(-20))/(((-28)/120)/x).
10
Let n(t) = -t**2 + 8*t - 2. Let w be n(11). Let d = 77 + w. Suppose -4*l + b - 9 + 107 = 0, 2*l + 3*b = d. What is the remainder when l is divided by 13?
11
Let k = -14 + 19. Suppose 350 = k*r - 85. Let u(m) = -m**3 + m**2 + m + 22. Calculate the remainder when r is divided by u(0).
21
Calculate the remainder when (11/5 + -2)/(67/729965) is divided by 311.
2
Suppose -5*m - 5*u - 2 + 27 = 0, 3*m - u - 7 = 0. Let j(h) = -193 + 100 - h + 100. What is the remainder when 13 is divided by j(m)?
1
Let m(k) = -126*k - 917. Calculate the remainder when m(-9) is divided by 56.
49
Let y(t) = -t**3 + 12*t**2 - 9*t + 15. Let r(z) = -z**3 + 6*z**2 - 37*z + 128. Calculate the remainder when y(11) is divided by r(4).
1
Let s = 3661 - 3390. What is the remainder when s is divided by 49?
26
Let m = 4 - 68. Let w = m + 66. Suppose -3*d + 381 = -2*n + 5*n, -d + w*n + 136 = 0. Calculate the remainder when d is divided by 11.
9
Suppose 23 = -3*z - 76. Let r = -17 - z. What is the remainder when r is divided by (77 + -68)*(-1 - -2)?
7
Suppose v - 12 = 2*z, 5*v - 2*v - 39 = 5*z. Let d = 5 - 3. What is the remainder when v is divided by d?
0
Let b(p) = 9*p**2 + 2. Suppose 0 = -8*q + 3093 + 5243. Let h = q + -894. What is the remainder when h is divided by b(-2)?
34
Let y = 72 - 88. Let d = -179 - -253. Let p = d + y. What is the remainder when p is divided by 15?
13
Suppose 12472 = -19*j + 30840 + 53414. Calculate the remainder when j is divided by 12.
10
Let i be ((-1)/(10/24))/(4/20). What is the remainder when 121 is divided by (-206)/(-6) + -2*(-2)/i?
19
Let t = -276 - -279. Suppose t*k - 3140 = -2*k. Calculate the remainder when k is divided by 63.
61
Let x = 1469 - 1460. What is the remainder when 332 is divided by x?
8
Suppose -2*w - 5 = -37. Suppose w*i = 21*i - 5*d - 260, -2*i = 5*d - 132. Calculate the remainder when i is divided by 31.
25
Suppose 2*w + 3*g - 7*g = 226, 4*w - 3*g = 427. What is the remainder when 118 is divided by w?
15
Let p = 206 + -206. Suppose 8*a = -p*a + 72. What is the remainder when a is divided by 7?
2
Let a(i) = 30*i + 16. Let o be a(6). Suppose 40 = -3*x + o. Suppose g = -2*r + 12 + 5, -4*r - 2 = -2*g. What is the remainder when x is divided by g?
7
What is the remainder when -11 + (-315)/(-28) + 22136/32 is divided by 1?
0
Let w(k) = -6*k + 33. Let r be w(0). Suppose r + 112 = 29*y. Calculate the remainder when 19 is divided by y.
4
Suppose -63*v = -980 - 130627. Calculate the remainder when v is divided by 110.
109
Suppose 38*s = 35*s + 75. Let w = s + 17. What is the remainder when w is divided by 15?
12
Let c(d) = 221*d - 3739. What is the remainder when 902 is divided by c(17)?
2
Let u(o) = -76*o - 1827. Calculate the remainder when 84 is divided by u(-25).
11
Let h = -8330 + 8369. Suppose 3*t = 0, -4*s + 1090 - 2 = t. Calculate the remainder when s is divided by h.
38
Suppose 0 = 3*x + 3*a - 316 - 317, 5*x = 5*a + 1095. Calculate the remainder when x is divided by 47 - (1 + -2 + 3)*(-104)/(-208).
31
Suppose 304 = 7*w - 6*w. Suppose -4*o + 20*o - w = 0. Calculate the remainder when (1 - (-73)/(-2))*-2 is divided by o.
14
Let j = -78 + 51. Let c = 29 + j. Suppose 0 = 2*v - 4*q - 48, 5*v + 7*q - c*q = 60. What is the remainder when 78 is divided by v?
14
Let w = -104 + 112. Calculate the remainder when (16 - (-12)/(-3))/(6/w) is divided by 16.
0
Let w = -3127 - -3253. Calculate the remainder when 2139 is divided by w.
123
Let y be 6/48*4*-20. What is the remainder when (63/(-15))/7 - 666/y is divided by 7?
3
Suppose 4*a - 6 = m + 21, -3*m + 23 = a. Suppose -t + 2*g - g = -a, 0 = -2*t - 3*g + 21. What is the remainder when 24 is divided by t?
6
Calculate the remainder when 209 is divided by (7/((-49)/12))/((-7)/2548*8).
53
Suppose 10*s - 7*s - 6 = 0. Suppose -3*k = -3*j - 23 - 64, -5*j = -s*k + 73. What is the remainder when 71 is divided by k?
23
Let g = 7194 - 7189. Calculate the remainder when 6233 is divided by g.
3
Suppose 0 = 5*g - r - 11 - 21, g + 8 = 5*r. Let h(o) = 27*o**2 + 3246*o + 838. Calculate the remainder when h(-120) is divided by g.
6
Let m(k) = 20*k**3 + 2*k**2 - 3*k + 5. Let b = -3 + 5. Let z be m(b). Suppose -5*i + 67 = 3*q - q, i + z = 4*q. Calculate the remainder when q is divided by 21.
20
Suppose -627 - 429 = -8*m. Suppose 0*y = 4*y - m. What is the remainder when y is divided by 17?
16
Let k = -13050 + 13153. What is the rema